et h be w(0). Let x(j) = j**2 + 5*j - s + 4 + h. Calculate x(-4).
2
Let s(t) be the third derivative of 0 + 0*t + 1/24*t**4 - 7*t**2 + 4/3*t**3. What is s(-6)?
2
Let y(s) = s**2 + s + 2. Let v(k) = -4*k**2 + k + 4. Let j(q) = -v(q) - 3*y(q). Determine j(5).
-5
Let k(f) = 2*f + 83 + 23 - 120. Determine k(10).
6
Let h(i) = 2*i + 4. Let w(o) = -1. Suppose -d + 12 = 5. Let c = 5 - d. Let s(y) = c*w(y) - h(y). What is s(2)?
-6
Let b(z) be the third derivative of -z**7/140 + z**6/180 - z**5/60 + z**4/24 - 10*z**3/3 - 22*z**2. Let n(r) be the first derivative of b(r). Calculate n(1).
-5
Let v(w) = 16*w + 1 - 4*w**3 + 8*w**3 + w**2 + 7*w**3 - 14*w. Calculate v(-1).
-11
Let d(c) = -12*c**2 + 3*c + 7. Let k(g) = 10*g**2 - 3*g - 6. Let s(t) = -4*d(t) - 5*k(t). What is s(3)?
-7
Let g(n) be the third derivative of n**4/24 + 2*n**3/3 + n**2. Suppose 4*m + 2*y + 2 + 10 = 0, -4*m = -y + 18. What is g(m)?
0
Let i(d) = -d**3 + d**2 + 3*d + 3. Let z = 13 + -8. Suppose -20*a + 7 + 73 = 0. Suppose 0 = u - p - a, -4*u - z*p = -2*u - 1. Give i(u).
-6
Let i(n) = -n**3 + n + 1. Let a = 79 - 76. Suppose -3*x + x = a*x. Determine i(x).
1
Let p(r) = -r**3 + 3*r**2 + 3. Let m be p(3). Let i(j) = 2*j - 2. Determine i(m).
4
Suppose -1 + 4 = y. Suppose -y*u = 2*i + 28, -5*i = 3*u - 19 + 62. Let b(h) = -17 - 3*h - h**2 - 2*h + 13 + 9. What is b(u)?
-1
Let t(s) be the third derivative of -s**4/12 + 22*s**2. Let q be 2 + (-3 - (-2 - -1)). Suppose -27 = -4*m - 3*h, q = -2*m + 4*h - 14. Give t(m).
-6
Suppose -7*g + 20 = -2*g, 5*a - 5*g = -50. Suppose -5*y + 4*y = 0. Let x(q) = -q - 3*q - q**2 + y*q - 3*q - 2. Determine x(a).
4
Suppose 5*t - 3*f = 45, 0 = 8*t - 11*t - 4*f + 27. Let a(r) = -5*r + 9*r - 5*r - t. What is a(-9)?
0
Let k(f) = f**3 + 7*f**2 + 6*f + 5. Suppose d = -2*d + 15. Suppose 5*i = -5*l - 55, 2*l = d*i - 3*i + 2. Calculate k(i).
5
Suppose -2*z + 3*z - 5 = 0. Suppose 5*r = 5*f + 25, z*r + 3*f - 39 - 10 = 0. Let o(t) = -1 + 0 - r*t**3 + 15*t + t**2 - 16*t. What is o(-1)?
9
Let r(u) = -2*u**2 - 24 + 45 - 21 - u. What is r(-2)?
-6
Let j(q) = -7*q**3 - q**2 + 5*q + 12. Let m(x) = -12*x**3 - 2*x**2 + 10*x + 22. Let d(t) = 5*j(t) - 3*m(t). Give d(-4).
-34
Suppose -2*h + 12 = -2*d + 2*h, -h - 2 = -3*d. Let u be d*3/(-4)*-2. Let o(z) = u - 2*z - z + 0*z + 2*z. Determine o(-5).
8
Let t(c) = -c**3 + 4*c**2 + 5*c - 6. Suppose -13*f + 16*f = -6. Let w be f/(-3) - (-78)/18. Calculate t(w).
-6
Let m = 506 + -514. Let p(o) = -o**3 - 9*o**2 - 7*o + 9. Calculate p(m).
1
Let k be 3*(-4)/18*-21. Let y = 13 - k. Let n(g) = -5*g**3 + 6*g**2 - 5*g + 4. Let a(x) = x**3 + x**2 - x + 1. Let d(q) = y*n(q) + 4*a(q). What is d(1)?
8
Let o(c) = 6*c + 1. Suppose 7*y = 6*y. Suppose y = -3*n + 4*n - 3. Suppose -i + 1 = -4*j, 0*j - 4*i = n*j + 15. Determine o(j).
-5
Let d(w) = -w**2 + 9*w - 9. Suppose -15 = -16*k + 13*k. Suppose -7 - 28 = -k*l. Give d(l).
5
Let v(o) = o**3 + o**2 + 4. Let d be -5*(12/(-5))/4. Suppose -6*k + 3 = d. Calculate v(k).
4
Let i = 2030 - 2037. Let r(a) = -10*a - 2. Determine r(i).
68
Let m(p) = -2*p**2 + 25*p - 6. Let k(s) = 3*s**2 - 38*s + 9. Let b(x) = 5*k(x) + 8*m(x). Let l = -8 - -13. Give b(l).
22
Let r(u) = 5*u**2 + u - 1. Let i = -29 - -26. Let n be -4 + (0 - -5) - i. Suppose 5 - 1 = n*z. What is r(z)?
5
Let x(q) = 6*q + 4*q**3 + 4*q**2 - 2*q**3 + 5 + 0 + 2 - 3*q**3. Determine x(5).
12
Suppose 4*c - 5 - 3 = 0. Let f(a) = 3 - 1 + 3*a**2 - 2*a**2 + a**2 - 3*a. Determine f(c).
4
Let x(g) = -3*g + 25. Let i be x(8). Let p(o) = 1 + 2*o**2 + 6*o**3 + 0 - 3*o**2 - o**2. Determine p(i).
5
Let v(d) be the third derivative of -d**5/60 + d**4/6 + 5*d**3/6 + 2*d**2 + 58. Let x = 13 - 21. Let b = x + 13. Calculate v(b).
0
Let h = 537 + -545. Let y(j) = -j**3 - 9*j**2 - 5*j + 9. What is y(h)?
-15
Let c(p) be the first derivative of p**4/4 + p**3 + 2*p**2 + 3*p - 1. Suppose 5*j + 20 = -5, 3*n - j - 326 = 0. Let a = n + -110. What is c(a)?
-9
Let n(z) = -100*z**2 - z**3 + 2*z**3 + 0 + 99*z**2 - 4 + z. Calculate n(2).
2
Let k(t) = -6*t + 18 + 11 - 40 + 10. Determine k(0).
-1
Suppose 5*b + q = 12 + 25, -2*b + q + 19 = 0. Let p(y) be the first derivative of y**3/3 - 4*y**2 - 5. Give p(b).
0
Suppose 5*r - 2*v - 61 = -5*v, -4*v = 5*r - 63. Let h(d) = r + 2*d - 25 + 14. Calculate h(-3).
-6
Let t(h) be the third derivative of 0*h**3 + 0 - 10*h - 1/30*h**5 + 1/24*h**4 - 3*h**2 - 1/30*h**6. Determine t(1).
-5
Let c(o) be the first derivative of o**4/4 + 2*o**3 + 3*o**2 + 2*o - 295. Give c(-4).
10
Suppose -4*l - 61 = -5*v, -4*l = 2*v - 9*l - 38. Let n(x) = x**2 - 10*x + 15. Calculate n(v).
6
Let u(o) = -9 + 2 + 2 + 3*o + 4. Calculate u(-4).
-13
Let t(m) = -m**3 + 4*m**2 - 2*m + 5. Let y be 16 - 13 - 3*-1. Suppose 9*c - 12 = y*c. Give t(c).
-3
Let x(q) = q**3 + q**2 - 17. Let i be ((-1)/(-1) + (7 - 8))/(-1). Determine x(i).
-17
Let m be (-1)/(-4)*6*2. Suppose b = m*b - 4. Let x(h) = -1 + 6 - 83*h**2 + 3*h - 5 + 80*h**2. What is x(b)?
-6
Let x be 7/1*(-1 - -2) - 3. Let r(m) be the first derivative of m**2 - 4*m + 5. What is r(x)?
4
Let f be (-144)/30 + -2 + 16/20. Let i(n) = -n**2 + 3*n + 6. Calculate i(f).
-48
Let c(j) be the third derivative of -j**4/12 + 7*j**3/6 + 2*j**2 + 63. Determine c(-5).
17
Let i(t) be the first derivative of t**4/4 - 2*t**3 + 2*t**2 + 5*t + 205. Suppose -3*b - 2*b = -20. What is i(b)?
-11
Let c(o) = -o**2 + 10*o - 50. Let f(m) = 3*m**2 - 31*m + 143. Let h(g) = 17*c(g) + 6*f(g). Give h(14).
-20
Let i(y) = y**2 + 2*y - 9. Let w = -1572 - -1568. Give i(w).
-1
Let o(n) = 2*n - 10. Let y be o(5). Suppose -2*k + 5*z - 3 + 1 = y, 0 = -3*z + 6. Let u(r) = -2 - 3*r - k*r + 13*r - r**2. Calculate u(7).
-9
Let o(y) = -y - 1. Let q(x) = x**3 + 11 + 5*x - 1 - 2*x**3 - 4*x**2. Let u(c) = 5*o(c) + q(c). Let f = -189 - -185. What is u(f)?
5
Let g(f) = -f**2 + 11*f - 22. Let j(p) = 1. Let k(m) = -g(m) - 2*j(m). Give k(9).
2
Let d be (33/(-30) - (-12)/120)*1. Let x(m) = -2*m + 0*m + 3*m + 12*m**2. Calculate x(d).
11
Let d = -902 - -904. Let q = 2 - -3. Let w(r) = 3 + d*r**2 - q*r - r**2 - 7. What is w(5)?
-4
Let x(p) = 2*p**2 + 2*p - 1. Let r(l) = -4*l + l - 1 + 5*l + 0 - 3*l. Let w be ((-4)/(-6))/((-1)/3). Let g be r(w). Determine x(g).
3
Let d(n) = n**3 - 4*n**2 + 4*n - 2. Suppose y + 2*y + 4*k = -79, -4*y + k = 137. Let f = y + 36. Calculate d(f).
1
Let m(s) be the second derivative of s**4/12 - 4*s**3/3 - 13*s**2/2 - s - 23. Determine m(10).
7
Let z(i) = i**3 + 4*i**2 + i - 2. Let r be z(-3). Let n(k) be the second derivative of 5*k - 1/4*k**4 + 1/20*k**5 + 1/2*k**2 - k**3 + 0. Determine n(r).
-7
Let r(p) = -2*p + 2. Let i(a) = -a**2 - 5*a - 9. Let s(q) = -i(q) - 2*r(q). What is s(-6)?
-13
Let f(c) = c**2 + 5*c - 2. Suppose -5*r - 3*n + 42 = 0, 3*r - 18 - 4 = -n. Let q be (102/(-4) + -3)*12/(-18). Suppose q = -5*b - r. What is f(b)?
-2
Let a be (3/2)/((-147)/784). Let z(o) = -o - 1. What is z(a)?
7
Suppose 4*k - 6*l - 31 = -l, k - 2*l - 10 = 0. Suppose -3*z + 4*d = -d - 31, -4*d = -k*z + 28. Let v(q) = q**3 + 2*q**2 - 5*q + 3 + 2*q - 2. Give v(z).
11
Let s(l) = l**2 - 3*l - 19. Let z be s(6). Let q(f) = 22*f**3 + f. Give q(z).
-23
Let q(l) = -11*l + 1. Let v(f) = 17*f - 3. Let r be v(0). Determine q(r).
34
Let q(z) = -2*z**3 + z + 2. Let f(g) = 3*g**3 + 10*g**2 - 13*g - 5. Let s(o) = f(o) + q(o). Determine s(-11).
8
Let a(f) = 4*f**2 + 24*f + 5. Let y(u) = -21*u**2 - 124*u - 26. Let s(q) = -11*a(q) - 2*y(q). Determine s(-8).
-3
Let y(v) = -v**3 - 4*v**2 - v + 1. Let w = -108 + 111. Suppose -w*n - 2*n = 2*f + 13, -2*f + n = 7. Calculate y(f).
5
Suppose -2*i = -5*q - 78, 0 = -5*q - 0*q - 20. Let u = -26 + i. Let o(j) = -j + 2. Calculate o(u).
-1
Let t(i) be the first derivative of 2*i**3/3 + 11*i**2/2 + 11*i - 192. Calculate t(-5).
6
Let k be (-5201)/(-4) - 42/(-56). Let m(u) = 1301*u**2 - k*u**2 + 8*u**3 - 1. Give m(1).
7
Let s(x) = x**3 - 4*x**2 - 5*x - 6. Suppose 2*k - 6 - 4 = -2*g, -4*k = -12. Suppose 18 = b + 4*j, 2*b + b - 12 = g*j. Suppose 0 = c + b*c - 35. Give s(c).
-6
Let l(j) = 7*j**2 - 5*j**3 + 7*j - 5*j**3 - 5 + 7*j**3 + 4*j**3. Let o = -429 + 423. Give l(o).
-11
Let z(f) = 3*f**3 + 5*f**2 - f + 18. Let k(i) = -5*i**3 - 7*i**2 + 2*i - 28. Let v(u) = 5*k(u) + 8*z(u). Determine v(5).
14
Let d(q) be the third derivative of q**6/120 - 7*q**5/60 - q**4/24 + 5*q**3/6 +